 j = t - y. Let q(b) = b**2 + b - 6. Give q(j).
-6
Let c be ((-4)/(-8) - 2)*(-9)/(81/30). Let l(b) = 2*b**2 - 12*b + 22. Calculate l(c).
12
Let b = -161 - -167. Let w(f) = 4 - b*f**2 + 6*f**2 - 4*f**2 + f**3 + 5*f - 3*f**2. What is w(6)?
-2
Let w(r) = 19*r**2 - 12*r - 4. Let n(a) = 57*a**2 - 42*a - 12. Let s(y) = -2*n(y) + 7*w(y). Calculate s(-2).
72
Let m(j) = -j**3 - j**2 - 4*j + 11*j - 5*j**2 - 8. Let r be m(-7). Let s(g) be the second derivative of -g**4/12 - 4*g**3/3 - 2*g**2 + 88*g. Give s(r).
-4
Let j(l) be the first derivative of 0*l**2 + 139 + 4*l + 0*l**3 - 1/4*l**4. What is j(0)?
4
Let g(x) = -1 - 5*x + 0*x + 4*x. Let f(q) = -13*q + 142. Let r be f(11). Determine g(r).
0
Let y(t) = 3*t**3 + t - 2. Let k be (2/3)/((-2)/462). Let d = -152 - k. Determine y(d).
24
Let a(z) be the second derivative of z**5/20 + z**4/2 + z**3/3 + 2*z**2 - z - 1. Suppose 15*b + 18 = 12*b. Calculate a(b).
-8
Let c(p) = -84*p + 154. Let b be c(-6). Let f(y) = b - 7*y + 2*y**2 - 331 - 330. What is f(6)?
27
Let u(z) be the second derivative of z**4/12 - z**3/6 - 7*z**2/2 - 1865*z. Let l be 3 + (-2 - 1) + 0. Let h be ((l/3)/3)/(-3). Give u(h).
-7
Let a(m) = -66*m**2 - 27 + 4*m + 29*m**2 + 30*m**2 - m**3. Let q be a(-8). Let s(k) = -k - 7. Give s(q).
-12
Let q be -3*(112/12)/(-4). Suppose v - 4 = 5*j, 2*v + 4*j = q*v - 41. Let a(m) = v + 10 - 18 + 0*m + 2*m. What is a(-1)?
-1
Let i = 15 - 18. Let z(h) = 4*h**2 + 6*h - 5. Let y(t) = -1 - 4 + 2*t**2 - t**2 + 4. Let b(r) = i*y(r) + z(r). Give b(-6).
-2
Let h(t) = -2*t**2 + 6*t + 5. Let m = -41 - -41. Suppose m = -9*s + 7*s + 10. Determine h(s).
-15
Let i = 59 - 58. Let z(x) be the second derivative of -1/3*x**4 - 5*x - 1/6*x**3 + 1/2*x**2 + 0. What is z(i)?
-4
Let t(q) = 5*q + 39. Let u(y) = y + 8. Let v(a) = -2*t(a) + 11*u(a). Let s(k) = -6*k + 169. Let f be s(29). Determine v(f).
5
Let b(d) be the third derivative of d**5/10 + 181*d**4/24 + 20*d**3/3 - 146*d**2 + 8*d. What is b(-30)?
10
Let x(h) = -h - 15. Let q be (-19 - 676/26) + 19. Give x(q).
11
Let z = -4 - 4. Let r(x) = -33 - x**2 + 171 - 89 - 34 - 6*x. Determine r(z).
-1
Let t(h) = -9*h - 3. Let d(c) = 4*c**3 + c**2. Let g be d(1). Let b(p) = 7*p + 4. Let k(x) = g*b(x) + 4*t(x). Determine k(5).
3
Let z(s) = -21*s - 723. Let u be z(-34). Let c(g) = -9*g**2 - 81*g + 1. Calculate c(u).
1
Let n(q) = -2*q**2 - 16*q + 6. Let a(v) = -v**2 - 8*v + 2. Let z be 209/(-23) + (288/138 - 2). Let c(k) = z*a(k) + 4*n(k). What is c(-7)?
-1
Suppose -2*z = -5*s - 15, 4*z - 8*z + 2*s + 6 = 0. Let j(w) = 5*w + 7. Let a(k) = -k - 1. Let q = 449 + -440. Let v(p) = q*a(p) + 2*j(p). What is v(z)?
5
Let u = -146 - -148. Let i(s) = -17*s**2 + 2*s + 6 + 7*s**u - 8 + 1. What is i(1)?
-9
Let m = 195 - 186. Let q(t) be the second derivative of -t**4/12 + 5*t**3/3 + 5*t**2/2 - 12*t - 4. Calculate q(m).
14
Let u(d) = -d**3 + 6*d**2 - 5*d + 5. Suppose 5*k = -20, 3*l - 3*k - 9 = -60. Let f be (-2)/(-14) - 81/l. What is u(f)?
17
Let i = 272 - 278. Let k(h) be the first derivative of -h**4/4 + h**2/2 - 1. Let x(n) = -7*n**3 - 5*n**2 - 5. Let j(m) = i*k(m) + x(m). Calculate j(-4).
3
Let m(h) = 3*h**2 - h - 21. Let g(q) = q**3 - 9*q**2 + 2*q + 86. Let k(w) = g(w) + 4*m(w). Determine k(2).
18
Let w(x) = x**2 + 12*x - 37. Suppose 0 = -h + 3*c - 47 + 30, 0 = -2*c + 2. Calculate w(h).
-9
Let n(y) be the first derivative of 5*y**2/2 - 92*y + 2890. Give n(21).
13
Let t(o) = -2*o - 1. Let a(l) be the third derivative of l**5/30 + 11*l**4/24 + l**3 - 41*l**2. Let u be 1/1 + (2 - 8). Let v be a(u). Calculate t(v).
-3
Let z(p) = 2*p**3 - p**3 + 2 + 2*p**2 - 1 + 0*p**2 + 0*p**3. Let v be (-6)/5*((-5)/(-2) + 0). Calculate z(v).
-8
Let n(k) = -58*k + 239*k - 235 - 56*k - 59*k - 55*k. Calculate n(22).
7
Let z be 196/(-392)*5/(5/24). Let o be ((-30)/20)/(3/z*-2). Let w(v) = v**2 + 2*v - 1. What is w(o)?
2
Suppose -32 = -1335*h + 1339*h. Let r(j) = j**2 + 10*j - 15. Give r(h).
-31
Let l(f) be the second derivative of f**5/20 + f**3/3 + 3*f**2/2 - 3675*f. Calculate l(4).
75
Let h(f) = -f - 58. Let t(m) = -m**2 - 132*m + 978. Let p be t(-139). Give h(p).
-63
Let m(i) be the first derivative of -1/3*i**3 + 114 + 2*i**2 + 9*i. Determine m(7).
-12
Let f(x) = x**3 + 7*x**2 - 8. Suppose 3*a - 5 = -5*y - 105, y - 5*a - 8 = 0. Let p = 59 + y. Suppose -11*k - p = -5*k. Calculate f(k).
-8
Suppose 4*v + 3*w = -30, 12*v - w - 20 = 15*v. Let r(p) = p**2 - 18. Determine r(v).
18
Let y(w) = -w**3 + 7*w**2 - 8*w - 2. Let t = -10965 - -10967. Determine y(t).
2
Suppose 2*t = 49*t - 114304. Let p(k) = -2432 - k**2 + t. Let c be 3/(-4) + (-2)/8. What is p(c)?
-1
Suppose 39 - 1 = 19*t. Let o(x) = 4*x + 2. Let h(w) = 7*w + 1 - 1 + 5 + w. Let l(c) = -4*h(c) + 10*o(c). Give l(t).
16
Let i(u) be the second derivative of 0 + 1/3*u**3 - 208*u - u**2. Determine i(6).
10
Let k be (-3 + 28/12)*6. Let p(l) = 6*l - 145*l**2 + 0 + 5*l**3 + 150*l**2 + 4 - 4*l**3. What is p(k)?
-4
Let p(l) = l + 1. Suppose 22*w = 8*w + 126. Let j(r) = -r**3 + 9*r**2 + 3*r - 23. Let u be j(w). What is p(u)?
5
Let y = 55 + -53. Suppose -80 = -y*q - 3*q. Suppose -8*x - 8 = q. Let l(t) = t**3 + 2*t**2 - 2*t. Determine l(x).
-3
Let s(o) = o**2 + 13*o - 23. Let i(d) = -2*d**2 - 25*d + 49. Let p(w) = -4*i(w) - 9*s(w). What is p(-10)?
81
Let c(s) be the second derivative of 19*s**3/6 - 3*s**2/2 + 1527*s. Give c(-1).
-22
Let f(y) = -y**2 + y + 13. Let n be (-45)/(-6)*110/(-11). Let x = 75 + n. What is f(x)?
13
Let b(w) = -21*w**2 + 948*w - 132. Let l be b(45). Let c(u) = 44*u - 132. Determine c(l).
0
Let g(k) = -3*k + 10. Let y = -156 - -144. What is g(y)?
46
Suppose 3*i = -2*v + 284, -5*i + 5*v = -604 + 114. Let j be ((-1)/2)/(6*4/i). Let u be -6*(2 + 5/j) - 4. Let y(p) = 4*p. What is y(u)?
-4
Let j(c) = -4*c + 1118 + 1120 + 1116 + 1112 - 4457 - c**2. Suppose -2*v + 0 = 10. Determine j(v).
4
Suppose 180 = 14*c + 12. Suppose 11*r - 5*q = 7*r + 21, -2*r + c = -4*q. Let x(g) = g + 4. What is x(r)?
8
Let u be 12/3*(-20)/(-64)*4. Let o(p) = p**2 - 5*p - 9. Determine o(u).
-9
Let z(k) be the third derivative of k**6/120 - k**5/20 + k**3/3 - 340*k**2. Calculate z(4).
18
Let v(n) = -9*n + 23. Let i = 15480 - 15475. Calculate v(i).
-22
Suppose d = 4*d - 2418. Let g(t) = 4*t**2 + d - 795 - 3*t**2. Let m(n) = -1. Let f(s) = g(s) + 3*m(s). Determine f(0).
8
Let w(t) be the third derivative of t**6/120 + t**5/10 - t**4/24 - 5*t**3/3 - 1126*t**2. Determine w(-5).
20
Suppose 34*h = 27*h + 434. Suppose -h = 33*u - 260. Let j(k) = k**3 - 6*k**2 + 2*k + 5. Determine j(u).
17
Suppose -6 - 17 = -r. Let x = r - 21. Let o(i) = i + x*i - 2*i + 0*i + 3. Calculate o(3).
6
Let m(s) be the second derivative of s**3/2 - 3*s**2 - 3*s. Let w be m(3). Suppose v - w = 4*v. Let f(n) = 8*n**3 + 2*n**2 - 1. Calculate f(v).
-7
Let n(l) = -2*l**2 + 2*l - 3. Let o = -614 - -612. Let t be 6 - (17 - 2)/(o - -5). Give n(t).
-3
Let h(u) be the third derivative of -u**3/6 - 4*u**2. Let c(f) = f - 1. Let v(n) = -c(n) - 2*h(n). Let t = -432 + 436. Determine v(t).
-1
Let k(u) = -u**3 + 7*u**2 - 9. Suppose 22 = -15*c + 352. Suppose -9*y + c*y - 91 = 0. Give k(y).
-9
Suppose 5*s - 3*l = 10, -4*s + 45 = l + 4*l. Suppose s*d - 11 = -1. Let o(k) = -5 - 2*k - 10*k + k**d + 10*k + 0*k**2. Give o(4).
3
Let k(x) be the first derivative of 7*x**2/2 + 74*x - 1426. Determine k(-11).
-3
Let p(a) = -a**2 + 16*a + 46. Let l(z) = 4*z**2 - 49*z - 140. Let d(s) = -2*l(s) - 7*p(s). Give d(-5).
3
Suppose 148*s - 3 = -145*s + 294*s. Let i(x) = -2*x**2 - 64*x - 192. Give i(s).
-18
Let t(r) = r**3 + 0*r**3 - 22 - 5*r**2 - 8*r**2 - 2*r**2 + 21*r**2 - 8*r. What is t(-7)?
-15
Suppose -72*x + 45 = -67*x. Suppose 6*s = 3*s + x. Let n be (3 - 1)/(s + -7 + 2). Let k(v) = 12*v**2 + v. Calculate k(n).
11
Let m(i) be the third derivative of i**6/120 + 19*i**5/30 + 71*i**4/24 - 43*i**3/6 - 3905*i**2. What is m(-36)?
-7
Let p(z) be the first derivative of 2*z**3/3 + 17*z**2/2 + 5*z - 328. What is p(-8)?
-3
Let q be ((-615)/(-82))/(((-3)/(-4))/1). Let a(t) = t**2 - 7*t - 24. Calculate a(q).
6
Let o(a) = -8*a**2 + 4*a - 4. Let g(c) = 8*c**2 - 5*c + 5. Let u(x) = 5*g(x) + 6*o(x). Let y(h) = h**3 - h**2 + 1. Let p be y(0). What is u(p)?
-8
Let w = -4571 + 4577. Let x(s) = -11*s - 13. Calculate x(w).
-79
Let s(h) = -3*h + 1. Suppose -85 = 12*v - 17*